 is divided by 17?
12
What is the remainder when 244 is divided by 112?
20
What is the remainder when 87 is divided by 45?
42
What is the remainder when 1714 is divided by 22?
20
Calculate the remainder when 449 is divided by 438.
11
What is the remainder when 32 is divided by 18?
14
Calculate the remainder when 1448 is divided by 177.
32
What is the remainder when 9308 is divided by 98?
96
Calculate the remainder when 509 is divided by 64.
61
What is the remainder when 41 is divided by 27?
14
Calculate the remainder when 1022 is divided by 23.
10
Calculate the remainder when 916 is divided by 34.
32
Calculate the remainder when 438 is divided by 11.
9
What is the remainder when 154 is divided by 73?
8
What is the remainder when 15 is divided by 10?
5
Calculate the remainder when 146 is divided by 32.
18
Calculate the remainder when 123 is divided by 26.
19
Calculate the remainder when 8260 is divided by 4125.
10
Calculate the remainder when 159 is divided by 64.
31
What is the remainder when 1372 is divided by 343?
0
Calculate the remainder when 156 is divided by 16.
12
Calculate the remainder when 1802 is divided by 21.
17
What is the remainder when 1270 is divided by 157?
14
What is the remainder when 32 is divided by 12?
8
What is the remainder when 430 is divided by 29?
24
What is the remainder when 435 is divided by 213?
9
What is the remainder when 790 is divided by 22?
20
What is the remainder when 40 is divided by 32?
8
Calculate the remainder when 59 is divided by 20.
19
Calculate the remainder when 146 is divided by 30.
26
What is the remainder when 143 is divided by 3?
2
What is the remainder when 373 is divided by 135?
103
What is the remainder when 959 is divided by 60?
59
Calculate the remainder when 439 is divided by 32.
23
What is the remainder when 721 is divided by 38?
37
What is the remainder when 253 is divided by 41?
7
Calculate the remainder when 170 is divided by 71.
28
What is the remainder when 54 is divided by 44?
10
Calculate the remainder when 254 is divided by 138.
116
What is the remainder when 167 is divided by 29?
22
Calculate the remainder when 5867 is divided by 226.
217
Calculate the remainder when 846 is divided by 34.
30
What is the remainder when 5164 is divided by 68?
64
What is the remainder when 62 is divided by 23?
16
Calculate the remainder when 494 is divided by 487.
7
Calculate the remainder when 791 is divided by 84.
35
Calculate the remainder when 76 is divided by 10.
6
Calculate the remainder when 1970 is divided by 9.
8
Calculate the remainder when 606 is divided by 16.
14
Calculate the remainder when 224 is divided by 113.
111
Calculate the remainder when 448 is divided by 36.
16
Calculate the remainder when 452 is divided by 145.
17
Calculate the remainder when 68 is divided by 40.
28
Calculate the remainder when 6363 is divided by 37.
36
What is the remainder when 1327 is divided by 266?
263
What is the remainder when 900 is divided by 415?
70
Calculate the remainder when 744 is divided by 9.
6
What is the remainder when 91 is divided by 33?
25
What is the remainder when 4779 is divided by 23?
18
Calculate the remainder when 240 is divided by 72.
24
Calculate the remainder when 3816 is divided by 166.
164
What is the remainder when 65134 is divided by 236?
234
Calculate the remainder when 107 is divided by 14.
9
What is the remainder when 1175 is divided by 9?
5
Calculate the remainder when 464 is divided by 189.
86
What is the remainder when 222 is divided by 61?
39
What is the remainder when 88 is divided by 25?
13
What is the remainder when 419 is divided by 17?
11
Calculate the remainder when 460 is divided by 228.
4
What is the remainder when 109 is divided by 28?
25
What is the remainder when 430 is divided by 389?
41
What is the remainder when 1066 is divided by 9?
4
Calculate the remainder when 348 is divided by 35.
33
What is the remainder when 3563 is divided by 54?
53
What is the remainder when 435 is divided by 69?
21
What is the remainder when 434 is divided by 44?
38
Calculate the remainder when 3057 is divided by 20.
17
What is the remainder when 105 is divided by 88?
17
What is the remainder when 133 is divided by 6?
1
What is the remainder when 1105 is divided by 42?
13
What is the remainder when 84 is divided by 32?
20
Calculate the remainder when 274 is divided by 86.
16
What is the remainder when 133 is divided by 5?
3
Calculate the remainder when 18784 is divided by 154.
150
What is the remainder when 90 is divided by 25?
15
Calculate the remainder when 2642 is divided by 106.
98
Calculate the remainder when 151 is divided by 24.
7
Calculate the remainder when 79 is divided by 48.
31
What is the remainder when 1254 is divided by 25?
4
What is the remainder when 1492 is divided by 87?
13
What is the remainder when 293 is divided by 37?
34
What is the remainder when 163 is divided by 87?
76
Calculate the remainder when 5981 is divided by 68.
65
Calculate the remainder when 372 is divided by 49.
29
What is the remainder when 231 is divided by 18?
15
What is the remainder when 2944 is divided by 212?
188
Calculate the remainder when 1408 is divided by 45.
13
Calculate the remainder when 295 is divided by 60.
55
What is the remainder when 215 is divided by 54?
53
What is the remainder when 188 is divided by 48?
44
Calculate the remainder when 850 is divided by 151.
95
Calculate the remainder when 3740 is divided by 96.
92
What is the remainder when 255 is divided by 17?
0
Calculate the remainder when 139 is divided by 80.
59
Calculate the remainder when 1247 is divided by 247.
12
What is the remainder when 1454 is divided by 699?
56
Calculate the remainder when 754 is divided by 18.
16
What is the remainder when 1006 is divided by 26?
18
What is the remainder when 630 is divided by 58?
50
Calculate the remainder when 150 is divided by 40.
30
What is the remainder when 1332 is divided by 135?
117
Calculate the remainder when 138 is divided by 25.
13
What is the remainder when 18 is divided by 10?
8
Calculate the remainder when 903 is divided by 210.
63
What is the remainder when 439 is divided by 136?
31
Calculate the remainder when 46 is divided by 13.
7
What is the remainder when 228 is divided by 23?
21
Calculate the remainder when 283 is divided by 48.
43
Calculate the remainder when 6586 is divided by 103.
97
What is the remainder when 53 is divided by 28?
25
Calculate the remainder when 100 is divided by 28.
16
Calculate the remainder when 3086 is divided by 103.
99
Calculate the remainder when 2108 is divided by 16.
12
What is the remainder when 1196 is divided by 30?
26
Calculate the remainder when 268 is divided by 38.
2
What is the remainder when 931 is divided by 307?
10
What is the remainder when 58 is divided by 47?
11
What is the remainder when 3307 is divided by 15?
7
Calculate the remainder when 6151 is divided by 140.
131
What is the remainder when 3399 is divided by 31?
20
Calculate the remainder when 23 is divided by 14.
9
What is the remainder when 367 is divided by 23?
22
Calculate the remainder when 6155 is divided by 114.
113
What is the remainder when 77 is divided by 74?
3
What is the remainder when 13 is divided by 2?
1
Calculate the remainder when 125 is divided by 63.
62
Calculate the remainder when 248 is divided by 41.
2
Calculate the remainder when 79 is divided by 20.
19
Calculate the remainder when 3705 is divided by 103.
100
What is the remainder when 354 is divided by 39?
3
What is the remainder when 3062 is divided by 42?
38
What is the remainder when 141 is divided by 72?
69
Calculate the remainder when 523 is divided by 62.
27
Calculate the remainder when 209 is divided by 71.
67
What is the remainder when 137 is divided by 35?
32
Calculate the remainder when 5024 is divided by 2510.
4
What is the remainder when 35390 is divided by 251?
250
What is the remainder when 215 is divided by 54?
53
What is the remainder when 108 is divided by 17?
6
Calculate the remainder when 9 is divided by 7.
2
Calculate the remainder when 465 is divided by 119.
108
What is the remainder when 2543 is divided by 134?
131
What is the remainder when 37 is divided by 20?
17
What is the remainder when 620 is divided by 9?
8
Calculate the remainder when 140 is 